ase 12) to base 14.
70
What is -3 (base 13) in base 15?
-3
5 (base 8) to base 3
12
What is 1 (base 8) in base 14?
1
Convert -1001101 (base 2) to base 15.
-52
12 (base 16) to base 15
13
Convert -200 (base 4) to base 5.
-112
What is -11 (base 2) in base 6?
-3
What is 4 (base 12) in base 15?
4
Convert 12 (base 4) to base 11.
6
What is -1 (base 7) in base 11?
-1
What is 2 (base 12) in base 9?
2
What is 200 (base 5) in base 2?
110010
Convert 1 (base 10) to base 14.
1
-11 (base 2) to base 4
-3
Convert -20 (base 7) to base 13.
-11
10 (base 4) to base 14
4
-3 (base 4) to base 3
-10
41 (base 14) to base 13
45
Convert -8 (base 11) to base 4.
-20
What is 15 (base 7) in base 4?
30
4 (base 15) to base 16
4
-16 (base 10) to base 7
-22
Convert b (base 13) to base 6.
15
-1 (base 6) to base 8
-1
What is -1010 (base 2) in base 10?
-10
-3 (base 16) to base 9
-3
Convert 131 (base 11) to base 6.
415
Convert -14 (base 14) to base 4.
-102
What is -7 (base 9) in base 12?
-7
What is -31 (base 13) in base 10?
-40
What is 152 (base 7) in base 3?
10012
What is 8 (base 14) in base 10?
8
2 (base 6) to base 4
2
What is 24 (base 6) in base 7?
22
Convert -277 (base 8) to base 13.
-119
Convert -25 (base 10) to base 7.
-34
What is 110 (base 6) in base 15?
2c
Convert 0 (base 9) to base 3.
0
What is -1001101 (base 2) in base 12?
-65
What is 1 (base 7) in base 13?
1
-2 (base 6) to base 10
-2
0 (base 2) to base 12
0
-2112 (base 3) to base 2
-1000100
What is 2 (base 7) in base 9?
2
107 (base 14) to base 3
21112
Convert 6 (base 13) to base 5.
11
6 (base 8) to base 14
6
-104 (base 7) to base 12
-45
1 (base 2) to base 15
1
-20 (base 5) to base 14
-a
What is -9a (base 15) in base 5?
-1040
-ae (base 16) to base 3
-20110
-23 (base 4) to base 6
-15
25 (base 8) to base 6
33
What is 240 (base 12) in base 10?
336
-1101 (base 2) to base 11
-12
What is -1131 (base 4) in base 7?
-162
-9b (base 15) to base 11
-123
Convert 3 (base 15) to base 12.
3
Convert -13 (base 14) to base 11.
-16
21 (base 6) to base 12
11
Convert -35 (base 15) to base 13.
-3b
Convert -335 (base 6) to base 4.
-2003
Convert 100 (base 2) to base 14.
4
14 (base 16) to base 10
20
What is -67 (base 11) in base 5?
-243
What is 4 (base 12) in base 5?
4
Convert 6a (base 15) to base 13.
79
Convert -4 (base 8) to base 5.
-4
Convert -14 (base 6) to base 14.
-a
4 (base 10) to base 8
4
What is 0 (base 16) in base 3?
0
Convert -1 (base 16) to base 10.
-1
Convert 0 (base 14) to base 9.
0
4 (base 13) to base 7
4
Convert -16 (base 8) to base 6.
-22
Convert -2 (base 6) to base 8.
-2
-404 (base 5) to base 8
-150
Convert -6 (base 13) to base 11.
-6
What is -6 (base 11) in base 15?
-6
What is 14 (base 6) in base 14?
a
Convert 2 (base 10) to base 4.
2
What is 20 (base 6) in base 10?
12
What is -3 (base 9) in base 5?
-3
Convert 2 (base 7) to base 12.
2
Convert -11 (base 2) to base 5.
-3
Convert 312 (base 4) to base 13.
42
Convert 1101100 (base 2) to base 14.
7a
-8 (base 16) to base 11
-8
What is -193 (base 11) in base 16?
-df
2021 (base 3) to base 13
49
What is 3 (base 6) in base 4?
3
402 (base 5) to base 4
1212
What is -40 (base 9) in base 14?
-28
What is 344 (base 7) in base 3?
20122
12200 (base 3) to base 11
12a
What is 4 (base 12) in base 3?
11
What is 42 (base 11) in base 13?
37
Convert -53 (base 10) to base 16.
-35
What is 33 (base 4) in base 5?
30
Convert -12 (base 4) to base 11.
-6
What is 422 (base 5) in base 14?
80
What is -7 (base 16) in base 12?
-7
What is -10100111 (base 2) in base 14?
-bd
Convert 14 (base 10) to base 4.
32
What is 3 (base 16) in base 10?
3
What is -201 (base 5) in base 2?
-110011
What is -1100 (base 3) in base 6?
-100
Convert -2 (base 9) to base 12.
-2
What is -2 (base 4) in base 6?
-2
4 (base 8) to base 11
4
Convert 11111 (base 2) to base 15.
21
12 (base 3) to base 6
5
42 (base 8) to base 13
28
Convert 2 (base 5) to base 15.
2
Convert 0 (base 3) to base 11.
0
10 (base 4) to base 6
4
What is 330 (base 4) in base 3?
2020
What is 10 (base 6) in base 2?
110
What is 2 (base 12) in base 15?
2
What is -13 (base 5) in base 4?
-20
Convert 22 (base 4) to base 3.
101
Convert -6 (base 11) to base 5.
-11
What is 0 (base 10) in base 4?
0
What is -10010 (base 2) in base 4?
-102
What is 4 (base 15) in base 14?
4
What is 101110 (base 2) in base 7?
64
Convert -10102 (base 4) to base 9.
-334
20 (base 10) to base 9
22
Convert -4 (base 9) to base 8.
-4
-304 (base 5) to base 15
-54
What is -253 (base 6) in base 3?
-10220
What is 42 (base 8) in base 16?
22
-5 (base 8) to base 3
-12
-5 (base 11) to base 4
-11
Convert 15 (base 7) to base 3.
110
Convert -1 (base 3) to base 8.
-1
Convert 11 (base 2) to base 6.
3
-260 (base 12) to base 9
-440
Convert -1 (base 6) to base 8.
-1
What is -3 (base 7) in base 6?
-3
Convert -543 (base 6) to base 9.
-250
What is -12 (base 16) in base 12?
-16
Convert 3 (base 8) to base 5.
3
What is -3 (base 5) in base 12?
-3
What is -4 (base 16) in base 14?
-4
-112 (base 4) to base 9
-24
-10110 (base 2) to base 16
-16
33 (base 4) to base 7
21
-128 (base 10) to base 8
-200
What is -1 (base 13) in base 10?
-1
-15 (base 6) to base 11
-10
Convert -63 (base 7) to base 11.
-41
Convert -58 (base 10) to base 7.
-112
What is 1014 (base 5) in base 7?
251
Convert 31 (base 7) to base 14.
18
Convert 59 (base 14) to base 12.
67
What is e2 (base 15) in base 10?
212
What is 110 (base 2) in base 9?
6
Convert 0 (base 7) to base 5.
0
-1011110 (base 2) to base 8
-136
-2 (base 9) to base 14
-2
11100 (base 2) to base 13
22
Convert -60 (base 15) to base 3.
-10100
What is -b (base 12) in base 14?
-b
What is -11001 (base 2) in base 12?
-21
156 (base 8) to base 16
6e
1 (base 3) to base 14
1
1 (base 11) to base 3
1
Convert 1 (base 10) to base 7.
1
What is 8 (base 12) in base 14?
8
43 (base 13) to base 9
61
Convert -ab (base 12) to base 4.
-2003
Convert 26 (base 14) to base 15.
24
Convert -16 (base 11) to base 12.
-15
Convert -1111 (base 2) to base 8.
-17
11202 (base 3) to base 2
10000000
Convert -8 (base 14) to base 16.
-8
Convert -1 (base 12) to base 2.
-1
What is -112 (base 4) in base 14?
-18
11 (base 9) to base 7
13
3 (base 9) to base 12
3
13 (base 16) to base 3
201
What is -10 (base 3) in base 14?
-3
Convert 0 (base 2) to base 7.
0
-1 (base 5) to base 15
-1
Convert 1a3 (base 16) to base 5.
3134
Convert -b (base 14) to base 4.
-23
Convert 3 (base 11) to base 13.
3
Convert 33 (base 6) to base 10.
21
What is 13 (base 12) in base 16?
f
5 (base 13) to base 2
101
Convert 1002 (base 3) to base 9.
32
8 (base 13) to base 7
11
What is -11 (base 4) in base 3?
-12
What is 23 (base 9) in base 16?
15
Convert 2 (base 8) to base 5.
2
44 (base 8) to base 10
36
11 (base 3) to base 10
4
Convert 0 (base 13) to base 4.
0
Convert -3 (base 12) to base 8.
-3
9 (base 13) to base 15
9
Convert 13 (base 14) to base 6.
25
What is 10 (base 2) in base 14?
2
Convert 102 (base 3) to base 7.
14
66 (base 14) to base 13
6c
0 (base 16) to base 8
0
Convert 14 (base 10) to base 6.
22
Convert 4 (base 7) to base 14.
4
-1b (base 13) to base 15
-19
What is 83 (base 11) in base 15?
61
4a (base 13) to base 15
42
-1101010 (base 2) to base 6
-254
Convert 10 (base 6) to base 13.
6
Convert 1000100 (base 2) to base 16.
44
What is 1b (base 15) in base 7?
35
Convert 5c (base 13) to base 12.
65
Convert 21 (base 3) to base 15.
7
Convert -76 (base 13) to base 6.
-241
-7 (base 10) to base 14
-7
Convert -2 (base 3) to base 7.
-2
Convert 4 (base 9) to base 5.
4
What is -2d (base 14) in base 11?
-38
Convert 2112 (base 3) to base 4.
1010
-1001 (base 3) to base 4
-130
Convert -100101 (base 2) to base 9.
-41
What is 33 (base 8) in base 11?
25
Convert 143 (base 6) to base 3.
2100
Convert -144 (base 10) to base 5.
-1034
Convert -12 (base 5) to base 6.
-11
-3 (base 11) to base 3
-10
What is 20 (base 3) in base 8?
6
What is 17 (base 13) in base 5?
40
What is -10 (base 2) in base 5?
-2
Convert 0 (base 6) to base 12.
0
What is -118 (base 12) in base 13?
-c8
What is -111 (base 2) in base 5?
-12
What is d (base 16) in base 5?
23
7 (base 13) to base 5
12
6 (base 14) to base 4
12
11 (base 15) to base 14
12
-10111 (base 2) to base 7
-32
-1101 (base 2) to base 5
-23
What is -10 (base 7) in base 15?
-7
-1 (base 3) to base 5
-1
Convert -11 (base 2) to base 6.
-3
3e (base 16) to base 2
111110
Convert -11 (base 4)